ose -106*h + 479542 + 496294 = 0. Is h prime?
False
Suppose 3*q - 10 - 41 = 0. Let s(w) be the second derivative of -w**5/20 + 7*w**4/4 - 5*w**3/3 - w**2/2 - 3*w. Is s(q) composite?
True
Suppose 2*z = -2*l + 14826, -2*z = -5*l - z + 37053. Is l prime?
True
Suppose 6*y = 1460 + 17734. Is y a prime number?
False
Let p = -6 + 6. Suppose -2*l + 4 = -3*b - 22, p = -5*l + 3*b + 47. Is 2320/l - 3/7 a composite number?
False
Let a be 12/((-37)/10 + 4). Let d = 44 - a. Suppose -3859 + 711 = -d*z. Is z a composite number?
False
Let i = 14976 + -10039. Is i prime?
True
Let z = 81292 + -57833. Is z composite?
False
Let c(u) = -u - 1. Let r be c(12). Let b = -16 - r. Is b*(588/(-9) + -3) a composite number?
True
Let r(j) = 4*j - 8. Let t be r(-7). Let k = t - -61. Suppose g - 2*z = 3*z + 144, 0 = 5*z + k. Is g composite?
True
Let l = -32 - -23. Suppose -11*r = -0*r + 1166. Let m = l - r. Is m prime?
True
Suppose -2*v = -3*v - 734. Let q = v - -1180. Is q a prime number?
False
Suppose 29*r - 7739 = 22682. Is r composite?
False
Let l(m) be the third derivative of m**6/360 + m**5/120 + 5*m**4/12 - m**3/3 - m**2. Let n(u) be the first derivative of l(u). Is n(0) a prime number?
False
Suppose -6*m = 12200 - 78818. Is m prime?
False
Is 1713/1 + (-15 - -13) a prime number?
False
Suppose -4*p + 1 = -4*b - 7, 4*b + 5*p = 10. Let c be 0*(b + -1) - -3. Suppose 4*w - c*z - 134 = 0, w - 4*z = -2*w + 97. Is w prime?
False
Let l(b) = -17*b**2 - 7*b - b**3 + 24*b - 47 - 5*b. Is l(-19) a composite number?
True
Suppose -2*k = -5*l - 90347, 0 = -k - l + 3055 + 42101. Is k a composite number?
False
Let n(q) be the first derivative of 5/3*q**3 - 4*q - 2*q**4 + q**2 - 11. Is n(-3) prime?
True
Suppose 46742 - 7207 = 5*h. Is h a prime number?
True
Let i(t) = 99*t**2 + 6*t + 14. Is i(-9) a composite number?
True
Let h = -26 - 86. Let y be h/(-63) + (-2)/(-9). Suppose y*z - 1285 = -3*z. Is z prime?
True
Let p(m) = 896*m - 177. Is p(20) composite?
True
Let b be (-4)/(-14) + 18372/(-14). Is -2*(-3 + b) - -3 a composite number?
False
Let m(c) be the third derivative of -363*c**6/20 - c**4/24 + 16*c**2. Is m(-1) composite?
False
Let p(t) = -t + 11. Let a be p(8). Let s be -1 + 658 + 4 - 6. Suppose -5*d + 4*k = -s, -d - a*k + 117 = -k. Is d composite?
False
Suppose -5*s + 64 = 2*v - 5785, -5*s = 5*v - 14630. Is v composite?
False
Let s(z) = 64*z - 2. Suppose 4*n + 5*l + 2 = -14, 4*l = 4*n - 20. Let o be s(n). Suppose 2*j = 4*j - o. Is j a prime number?
True
Let j(s) = -s + 1. Let k be j(-6). Let a(t) = 7*t**2 + t + 17. Let r(b) = -6*b**2 - b - 18. Let w(u) = k*a(u) + 6*r(u). Is w(6) prime?
False
Let v(r) = 5*r**2 + 2*r. Let u be v(2). Suppose -4*p - 4*j = -16, 2*j = 5*p + 3*j - u. Suppose -p*f + 1420 = -f. Is f a composite number?
True
Let r(o) = -3*o + 4. Let z(a) = -a**2 + a - 3. Let s(h) = -h**2 - 10*h - 6. Let w be s(-9). Let l be z(w). Is r(l) a prime number?
True
Let p be (1/(-2)*-3)/(15/200). Suppose 16*v - p*v = -3772. Is v a composite number?
True
Suppose 2*u = -2*p - 30, -2*p - 2*p - 79 = 5*u. Let h = 486 + u. Is h a composite number?
False
Suppose 0 = -o + 4, -7*a + 3*o = -3*a - 10624. Is a prime?
True
Suppose 0 = -a + 815 + 36. Is a a prime number?
False
Let x(o) = 3508*o**2 - 1. Let n be x(2). Let b = n + -9251. Suppose -3*p - p = -b. Is p prime?
False
Suppose -4177 = -4*d + 675. Suppose 2*n - d = -431. Is n a prime number?
False
Suppose -432*p - 5703 = -435*p. Is p a composite number?
False
Suppose -2*s = -4 - 2. Suppose 3*c + 3290 = -s*z + 5*z, z + 3*c - 1627 = 0. Is z a composite number?
True
Let f(x) = 10*x + 354. Is f(-10) a prime number?
False
Let w = -18 + 21. Suppose -104 = -5*x + w*l, 0*x - 83 = -5*x - 4*l. Is x composite?
False
Let f(z) be the third derivative of -71*z**4/6 - 15*z**3/2 - 31*z**2. Is f(-11) composite?
False
Suppose -3*q + 3748 = 4*x - 2*q, -5*x - q = -4685. Let h = -50 + x. Is h a composite number?
False
Suppose 0 = -h + 4*b + 4167, 0*b - b - 4182 = -h. Is h a composite number?
True
Let d = -125 + -132. Let b(c) = -2*c**3 - 10*c**2 + 3*c + 18. Let o be b(-8). Let m = d + o. Is m prime?
False
Let y = -8 + -4. Let i(c) = 18*c**2 + 14*c - 14. Let g be i(y). Is 4/(-16) - g/(-8) a prime number?
False
Let y(t) = 3*t**2 - 2*t - 3. Suppose 4*w + 3 = -1. Let n be y(w). Is -131*(-1 - (0 + n)) prime?
False
Suppose 5*z - 3*i - 1313 = -7*i, 2*z + 4*i - 530 = 0. Suppose 4*s - 29 - 709 = -2*w, -3*s + 570 = -4*w. Suppose -3*p + s + z = 0. Is p a prime number?
True
Let h be (6/(-15))/(4/(-60)). Suppose h*j - 12*j = -2802. Is j composite?
False
Let x(r) = 1241*r**2 + 2*r - 3. Let j be (3/2)/(24/16). Let y be x(j). Suppose -2*d - y + 374 = -4*c, 4*d = -4*c + 848. Is c composite?
True
Let i(c) = 3*c**3 + 3*c**2 + 12*c + 5. Let y be i(6). Is y/6 - ((-152)/48)/19 composite?
False
Let s(j) = 51*j**2 + 0*j**3 - 5 + j**3 - 23*j + 20 - 31*j**2. Is s(-17) a prime number?
False
Suppose -61*b = -l - 59*b + 1613, -5*l + 8095 = -4*b. Is l a prime number?
False
Is (4666/(-4))/(124/(-40) + 3) a prime number?
False
Suppose -t - 2*t + 5844 = 0. Suppose -4*l = 4*y - 6236, 4*l - 4300 - t = 2*y. Is l composite?
True
Suppose -74801 + 184416 = 11*x. Is x a composite number?
True
Suppose -13357 = -z - 4*q + 6*q, 5*q = -z + 13343. Is z prime?
False
Suppose -31 = -6*c + 17. Is (-1)/4 + (-106)/c*-25 a prime number?
True
Let y = -109 + 115. Suppose -y*b + 290 = -4*b + 2*l, -2*l - 568 = -4*b. Is b a composite number?
True
Let b be ((-2)/(-3))/(2/384). Let t(i) = i**3 + 21*i**2 + 29*i + 78. Let p be t(-19). Let a = p - b. Is a a composite number?
True
Let u(t) = 13*t**2 - 3*t - 2. Let w be u(-1). Let q(p) = 31*p - 45. Is q(w) composite?
False
Suppose -5*o + o + 96 = 0. Suppose 2*k - 82 = o. Is k a composite number?
False
Let r = -534 - -235. Let f = 802 + r. Is f prime?
True
Let n be 24339/(-35) - (36/(-15) - -2). Is (-2)/(3480/n + 5) a prime number?
False
Let g(d) = 2 - d + 0*d + 3*d. Let f be g(-1). Suppose -127 = -f*t - t. Is t prime?
True
Let d be 62694/117 + 4/26. Let h = 829 - d. Suppose q = -0*q + h. Is q composite?
False
Suppose 27*p - 129414 + 43527 = 0. Is p a composite number?
False
Suppose -1387 = -l - 7*n + 5*n, 2*l = 5*n + 2747. Is l a composite number?
False
Suppose n - 1 - 3 = 0. Suppose -5*m + 3*t + 12 = -n, 22 = 2*m + 4*t. Is 1211/(16/(-4) + m) a prime number?
False
Let s = -24 + 24. Suppose -a - 2*j + 169 = 0, 3*a + s*j = -5*j + 511. Is a composite?
True
Suppose 0*l = 2*l + t - 339, -5*l + 5*t = -810. Let r = 231 + l. Suppose -87 = -5*s + r. Is s composite?
False
Suppose 9*n - 4527 - 49950 = 0. Suppose -n = -3*z + 898. Is z composite?
True
Suppose -3*b = n - 6, 0 = -2*b + 5*b - 3*n - 6. Suppose -3*x = -32 + b. Suppose -x = 3*z - 391. Is z a composite number?
False
Suppose 0 = 3*g + 6*g - 77877. Is g a composite number?
True
Is 6783868/(-546)*(-6)/4 a composite number?
False
Let d(o) = -76*o**3 + 9*o**2 + 3*o - 21. Is d(-5) prime?
True
Suppose -d + 161*p - 163*p = -18614, 0 = 5*d + 2*p - 93102. Is d composite?
True
Let a be (5017 - 5)*2/4. Let i = a + -1223. Suppose i = 2*n - 2235. Is n prime?
True
Suppose 40132 = 2*k + 4*o - 2*o, 5*k + o = 100334. Is k composite?
True
Suppose 25*w - 32*w + 126 = 0. Suppose 4*k - 9*k + 2260 = 0. Is (k/10)/(w/45) a prime number?
True
Suppose -2*p - 2*h + 4 = 0, -3*h - 3 = 2*p - 7. Is -4 + p + 1 + 1466 a prime number?
False
Let y be (-2 - -5)*(-1 + 6/1). Let k(h) = -41*h - 12. Let x be k(-8). Suppose 4*b = 4*n + x, -n + y + 60 = b. Is b a composite number?
True
Let u be 120/(-9)*24/16. Let s be 1/(u/(-12))*5. Suppose s*m = -3*r + 1455, -r = 4*m - m - 1459. Is m a composite number?
False
Let p = -116 + 132. Let y(w) = 2*w**2 - 15*w - 21. Is y(p) a composite number?
False
Suppose 2*g - 12050 = -5*c, 2*c - 3*g - 6012 + 1192 = 0. Suppose 11*h - 9*h = c. Is h composite?
True
Let l(b) = 70*b**2 - 17*b + 134. Is l(15) a composite number?
False
Let d be (-96)/(1/(28/(-6))). Suppose -3*y + 236 = 5*k, -3*k + 32 = -5*y + d. Is y a composite number?
True
Suppose 5*q + 6 = -4. Let o(v) = -v**2 - 3*v - 2. Let t be o(q). Suppose -42 = -3*r + 3*k, -2*r - 5*k + 4*k + 43 = t. Is r a composite number?
False
Let i(r) = r**3 + 66*r**2 - 42*r + 63. Is i(-50) a composite number?
True
Let p = 1017 - 376. Is p a prime number?
True
Let k = 110 + -94. Suppose -38 = 2